{"id":21,"date":"2025-01-25T14:15:29","date_gmt":"2025-01-25T14:15:29","guid":{"rendered":"https:\/\/ergotherapie-lubmin.de\/?page_id=21"},"modified":"2025-04-02T19:07:30","modified_gmt":"2025-04-02T19:07:30","slug":"impressum","status":"publish","type":"page","link":"https:\/\/ergotherapie-lubmin.de\/?page_id=21","title":{"rendered":"Impressum"},"content":{"rendered":"\n<h2>\n\t\tImpressum\n\t<\/h2>\n<h4>\n\t\tAngaben gem\u00e4\u00df \u00a7 5 TMG:\n\t<\/h4>\n\tPraxis f\u00fcr Ergotherapie<br \/>\nDanyela Feltig<br \/>\nFreester Stra\u00dfe 22<br \/>\n17509 Lubmin\n<h4>\n\t\tKontakt:\n\t<\/h4>\n\tTelefon: 038354\/ 33898<br \/>\nE-Mail: danyelafeltig@web.de<br \/>\nWebsite: https:\/\/ergotherapie-lubmin.de\/\n<h4>\n\t\tBerufsbezeichnung und berufsrechtliche Regelungen:\n\t<\/h4>\n\t<p>Berufsbezeichnung: Ergotherapeut\/in (verliehen in Deutschland)<\/p>\n<h4>\n\t\tZust\u00e4ndige Aufsichtsbeh\u00f6rde:\n\t<\/h4>\n\tARGE Heilmittelzulassung Mecklenburg-Vorpommern<br \/>\nc\/o Verband Ersatzkassen e.V. (vdek)<br \/>\nLandesvertretung Mecklenburg-Vorpommern<br \/>\nWerderstra\u00dfe 74 a, 3. OG<br \/>\n19055 Schwerin\n<p><a href=\"https:\/\/www.zulassung-heilmittel.de\/argen\/MVP.html\" target=\"_blank\" rel=\"noopener noreferrer\">https:\/\/www.zulassung-heilmittel.de\/argen\/MVP.html<\/a><\/p>\n<h4>\n\t\tBerufsrechtliche Regelungen:\n\t<\/h4>\n\tGesetz \u00fcber den Beruf der Ergotherapeutin und des Ergotherapeuten (ErgThG)<br \/>\nAusbildungs- und Pr\u00fcfungsverordnung f\u00fcr Ergotherapeuten (ErgThAPrV)<br \/>\nDie Regelungen sind einsehbar unter: Ergotherapeutengesetz (ErgThG)<br \/>\nAusbildungs- und Pr\u00fcfungsverordnung f\u00fcr Ergotherapeuten (ErgThAPrV)\n<p>&nbsp;<\/p>\n<h4>\n\t\tAngaben zur Berufshaftpflichtversicherung:\n\t<\/h4>\n\tVersicherer: Rhion Versicherung AG<br \/>\nAdresse: RheinLandplatz, 41460 Neuss\n<p>Geltungsraum der Versicherung: Deutschland<\/p>\n<h4>\n\t\tVerantwortlich f\u00fcr den Inhalt nach \u00a7 55 Abs. 2 RStV:\n\t<\/h4>\n\t<p>Danyela Feltig<\/p>\n<h4>\n\t\tEU-Streitschlichtung:\n\t<\/h4>\n\tDie Europ\u00e4ische Kommission stellt eine Plattform zur Online-Streitbeilegung (OS) bereit:<br \/>\n<a href=\"https:\/\/ec.europa.eu\/consumers\/odr\">https:\/\/ec.europa.eu\/consumers\/odr<\/a><br \/>\nMeine E-Mail-Adresse finden Sie oben im Impressum.\n<h4>\n\t\tHaftung f\u00fcr Inhalte:\n\t<\/h4>\n\t<p>Als Diensteanbieter bin ich gem\u00e4\u00df \u00a7 7 Abs.1 TMG f\u00fcr eigene Inhalte auf diesen Seiten nach den allgemeinen Gesetzen verantwortlich. Nach \u00a7\u00a7 8 bis 10 TMG bin ich als Diensteanbieter jedoch nicht verpflichtet, \u00fcbermittelte oder gespeicherte fremde Informationen zu \u00fcberwachen oder nach Umst\u00e4nden zu forschen, die auf eine rechtswidrige T\u00e4tigkeit hinweisen.<\/p>\n<h4>\n\t\tHaftung f\u00fcr Links:\n\t<\/h4>\n\t<p>Mein Angebot enth\u00e4lt Links zu externen Websites Dritter, auf deren Inhalte ich keinen Einfluss habe. Deshalb kann ich f\u00fcr diese fremden Inhalte auch keine Gew\u00e4hr \u00fcbernehmen. Zum Zeitpunkt der Verlinkung wurden die Seiten auf m\u00f6gliche Rechtsverst\u00f6\u00dfe \u00fcberpr\u00fcft. Eine permanente inhaltliche Kontrolle der verlinkten Seiten ist jedoch ohne konkrete Anhaltspunkte einer Rechtsverletzung nicht zumutbar. Bei Bekanntwerden von Rechtsverletzungen werden solche Links umgehend entfernt.<\/p>\n<h4>\n\t\tUrheberrecht:\n\t<\/h4>\n\t<p>Die von mir erstellten Inhalte und Werke auf diesen Seiten unterliegen dem deutschen Urheberrecht. Die Vervielf\u00e4ltigung, Bearbeitung, Verbreitung und jede Art der Verwertung au\u00dferhalb der Grenzen des Urheberrechtes bed\u00fcrfen der schriftlichen Zustimmung des jeweiligen Autors bzw. Erstellers.<\/p>\n<p>&nbsp;<\/p>\n\n","protected":false},"excerpt":{"rendered":"<p>Impressum Angaben gem\u00e4\u00df \u00a7 5 TMG: Praxis f\u00fcr Ergotherapie Danyela Feltig Freester Stra\u00dfe 22 17509 Lubmin Kontakt: Telefon: 038354\/ 33898 [&hellip;]<\/p>\n","protected":false},"author":1,"featured_media":0,"parent":0,"menu_order":0,"comment_status":"closed","ping_status":"closed","template":"","meta":{"site-sidebar-layout":"default","site-content-layout":"","ast-site-content-layout":"","site-content-style":"default","site-sidebar-style":"default","ast-global-header-display":"","ast-banner-title-visibility":"","ast-main-header-display":"","ast-hfb-above-header-display":"","ast-hfb-below-header-display":"","ast-hfb-mobile-header-display":"","site-post-title":"disabled","ast-breadcrumbs-content":"","ast-featured-img":"","footer-sml-layout":"","theme-transparent-header-meta":"","adv-header-id-meta":"","stick-header-meta":"","header-above-stick-meta":"","header-main-stick-meta":"","header-below-stick-meta":"","astra-migrate-meta-layouts":"default","ast-page-background-enabled":"default","ast-page-background-meta":{"desktop":{"background-color":"var(--ast-global-color-5)","background-image":"","background-repeat":"repeat","background-position":"center center","background-size":"auto","background-attachment":"scroll","background-type":"","background-media":"","overlay-type":"","overlay-color":"","overlay-opacity":"","overlay-gradient":""},"tablet":{"background-color":"","background-image":"","background-repeat":"repeat","background-position":"center center","background-size":"auto","background-attachment":"scroll","background-type":"","background-media":"","overlay-type":"","overlay-color":"","overlay-opacity":"","overlay-gradient":""},"mobile":{"background-color":"","background-image":"","background-repeat":"repeat","background-position":"center center","background-size":"auto","background-attachment":"scroll","background-type":"","background-media":"","overlay-type":"","overlay-color":"","overlay-opacity":"","overlay-gradient":""}},"ast-content-background-meta":{"desktop":{"background-color":"var(--ast-global-color-4)","background-image":"","background-repeat":"repeat","background-position":"center center","background-size":"auto","background-attachment":"scroll","background-type":"","background-media":"","overlay-type":"","overlay-color":"","overlay-opacity":"","overlay-gradient":""},"tablet":{"background-color":"var(--ast-global-color-4)","background-image":"","background-repeat":"repeat","background-position":"center center","background-size":"auto","background-attachment":"scroll","background-type":"","background-media":"","overlay-type":"","overlay-color":"","overlay-opacity":"","overlay-gradient":""},"mobile":{"background-color":"var(--ast-global-color-4)","background-image":"","background-repeat":"repeat","background-position":"center center","background-size":"auto","background-attachment":"scroll","background-type":"","background-media":"","overlay-type":"","overlay-color":"","overlay-opacity":"","overlay-gradient":""}},"footnotes":""},"class_list":["post-21","page","type-page","status-publish","hentry"],"yoast_head":"<!-- This site is optimized with the Yoast SEO plugin v27.4 - https:\/\/yoast.com\/product\/yoast-seo-wordpress\/ -->\n<title>Impressum -<\/title>\n<meta name=\"robots\" content=\"index, follow, max-snippet:-1, max-image-preview:large, max-video-preview:-1\" \/>\n<link rel=\"canonical\" href=\"http:\/\/ergotherapie-lubmin.de\/?page_id=21\" \/>\n<meta property=\"og:locale\" content=\"de_DE\" \/>\n<meta property=\"og:type\" content=\"article\" \/>\n<meta property=\"og:title\" content=\"Impressum -\" \/>\n<meta property=\"og:description\" content=\"Impressum Angaben gem\u00e4\u00df \u00a7 5 TMG: Praxis f\u00fcr Ergotherapie Danyela Feltig Freester Stra\u00dfe 22 17509 Lubmin Kontakt: Telefon: 038354\/ 33898 [&hellip;]\" \/>\n<meta property=\"og:url\" content=\"http:\/\/ergotherapie-lubmin.de\/?page_id=21\" \/>\n<meta property=\"article:modified_time\" content=\"2025-04-02T19:07:30+00:00\" \/>\n<meta name=\"twitter:card\" content=\"summary_large_image\" \/>\n<meta name=\"twitter:label1\" content=\"Gesch\u00e4tzte Lesezeit\" \/>\n\t<meta name=\"twitter:data1\" content=\"2\u00a0Minuten\" \/>\n<script type=\"application\/ld+json\" class=\"yoast-schema-graph\">{\"@context\":\"https:\\\/\\\/schema.org\",\"@graph\":[{\"@type\":\"WebPage\",\"@id\":\"http:\\\/\\\/ergotherapie-lubmin.de\\\/?page_id=21\",\"url\":\"http:\\\/\\\/ergotherapie-lubmin.de\\\/?page_id=21\",\"name\":\"Impressum -\",\"isPartOf\":{\"@id\":\"https:\\\/\\\/ergotherapie-lubmin.de\\\/#website\"},\"datePublished\":\"2025-01-25T14:15:29+00:00\",\"dateModified\":\"2025-04-02T19:07:30+00:00\",\"breadcrumb\":{\"@id\":\"http:\\\/\\\/ergotherapie-lubmin.de\\\/?page_id=21#breadcrumb\"},\"inLanguage\":\"de\",\"potentialAction\":[{\"@type\":\"ReadAction\",\"target\":[\"http:\\\/\\\/ergotherapie-lubmin.de\\\/?page_id=21\"]}]},{\"@type\":\"BreadcrumbList\",\"@id\":\"http:\\\/\\\/ergotherapie-lubmin.de\\\/?page_id=21#breadcrumb\",\"itemListElement\":[{\"@type\":\"ListItem\",\"position\":1,\"name\":\"Startseite\",\"item\":\"https:\\\/\\\/ergotherapie-lubmin.de\\\/\"},{\"@type\":\"ListItem\",\"position\":2,\"name\":\"Impressum\"}]},{\"@type\":\"WebSite\",\"@id\":\"https:\\\/\\\/ergotherapie-lubmin.de\\\/#website\",\"url\":\"https:\\\/\\\/ergotherapie-lubmin.de\\\/\",\"name\":\"\",\"description\":\"\",\"potentialAction\":[{\"@type\":\"SearchAction\",\"target\":{\"@type\":\"EntryPoint\",\"urlTemplate\":\"https:\\\/\\\/ergotherapie-lubmin.de\\\/?s={search_term_string}\"},\"query-input\":{\"@type\":\"PropertyValueSpecification\",\"valueRequired\":true,\"valueName\":\"search_term_string\"}}],\"inLanguage\":\"de\"}]}<\/script>\n<!-- \/ Yoast SEO plugin. -->","yoast_head_json":{"title":"Impressum -","robots":{"index":"index","follow":"follow","max-snippet":"max-snippet:-1","max-image-preview":"max-image-preview:large","max-video-preview":"max-video-preview:-1"},"canonical":"http:\/\/ergotherapie-lubmin.de\/?page_id=21","og_locale":"de_DE","og_type":"article","og_title":"Impressum -","og_description":"Impressum Angaben gem\u00e4\u00df \u00a7 5 TMG: Praxis f\u00fcr Ergotherapie Danyela Feltig Freester Stra\u00dfe 22 17509 Lubmin Kontakt: Telefon: 038354\/ 33898 [&hellip;]","og_url":"http:\/\/ergotherapie-lubmin.de\/?page_id=21","article_modified_time":"2025-04-02T19:07:30+00:00","twitter_card":"summary_large_image","twitter_misc":{"Gesch\u00e4tzte Lesezeit":"2\u00a0Minuten"},"schema":{"@context":"https:\/\/schema.org","@graph":[{"@type":"WebPage","@id":"http:\/\/ergotherapie-lubmin.de\/?page_id=21","url":"http:\/\/ergotherapie-lubmin.de\/?page_id=21","name":"Impressum -","isPartOf":{"@id":"https:\/\/ergotherapie-lubmin.de\/#website"},"datePublished":"2025-01-25T14:15:29+00:00","dateModified":"2025-04-02T19:07:30+00:00","breadcrumb":{"@id":"http:\/\/ergotherapie-lubmin.de\/?page_id=21#breadcrumb"},"inLanguage":"de","potentialAction":[{"@type":"ReadAction","target":["http:\/\/ergotherapie-lubmin.de\/?page_id=21"]}]},{"@type":"BreadcrumbList","@id":"http:\/\/ergotherapie-lubmin.de\/?page_id=21#breadcrumb","itemListElement":[{"@type":"ListItem","position":1,"name":"Startseite","item":"https:\/\/ergotherapie-lubmin.de\/"},{"@type":"ListItem","position":2,"name":"Impressum"}]},{"@type":"WebSite","@id":"https:\/\/ergotherapie-lubmin.de\/#website","url":"https:\/\/ergotherapie-lubmin.de\/","name":"","description":"","potentialAction":[{"@type":"SearchAction","target":{"@type":"EntryPoint","urlTemplate":"https:\/\/ergotherapie-lubmin.de\/?s={search_term_string}"},"query-input":{"@type":"PropertyValueSpecification","valueRequired":true,"valueName":"search_term_string"}}],"inLanguage":"de"}]}},"_links":{"self":[{"href":"https:\/\/ergotherapie-lubmin.de\/index.php?rest_route=\/wp\/v2\/pages\/21","targetHints":{"allow":["GET"]}}],"collection":[{"href":"https:\/\/ergotherapie-lubmin.de\/index.php?rest_route=\/wp\/v2\/pages"}],"about":[{"href":"https:\/\/ergotherapie-lubmin.de\/index.php?rest_route=\/wp\/v2\/types\/page"}],"author":[{"embeddable":true,"href":"https:\/\/ergotherapie-lubmin.de\/index.php?rest_route=\/wp\/v2\/users\/1"}],"replies":[{"embeddable":true,"href":"https:\/\/ergotherapie-lubmin.de\/index.php?rest_route=%2Fwp%2Fv2%2Fcomments&post=21"}],"version-history":[{"count":12,"href":"https:\/\/ergotherapie-lubmin.de\/index.php?rest_route=\/wp\/v2\/pages\/21\/revisions"}],"predecessor-version":[{"id":519,"href":"https:\/\/ergotherapie-lubmin.de\/index.php?rest_route=\/wp\/v2\/pages\/21\/revisions\/519"}],"wp:attachment":[{"href":"https:\/\/ergotherapie-lubmin.de\/index.php?rest_route=%2Fwp%2Fv2%2Fmedia&parent=21"}],"curies":[{"name":"wp","href":"https:\/\/api.w.org\/{rel}","templated":true}]}}

<h2>
		Impressum
	</h2>
<h4>
		Angaben gemäß § 5 TMG:
	</h4>
	Praxis für Ergotherapie<br />
Danyela Feltig<br />
Freester Straße 22<br />
17509 Lubmin
<h4>
		Kontakt:
	</h4>
	Telefon: 038354/ 33898<br />
E-Mail: danyelafeltig@web.de<br />
Website: https://ergotherapie-lubmin.de/
<h4>
		Berufsbezeichnung und berufsrechtliche Regelungen:
	</h4>
	<p>Berufsbezeichnung: Ergotherapeut/in (verliehen in Deutschland)</p>
<h4>
		Zuständige Aufsichtsbehörde:
	</h4>
	ARGE Heilmittelzulassung Mecklenburg-Vorpommern<br />
c/o Verband Ersatzkassen e.V. (vdek)<br />
Landesvertretung Mecklenburg-Vorpommern<br />
Werderstraße 74 a, 3. OG<br />
19055 Schwerin
<p><a href="https://www.zulassung-heilmittel.de/argen/MVP.html" target="_blank" rel="noopener noreferrer">https://www.zulassung-heilmittel.de/argen/MVP.html</a></p>
<h4>
		Berufsrechtliche Regelungen:
	</h4>
	Gesetz über den Beruf der Ergotherapeutin und des Ergotherapeuten (ErgThG)<br />
Ausbildungs- und Prüfungsverordnung für Ergotherapeuten (ErgThAPrV)<br />
Die Regelungen sind einsehbar unter: Ergotherapeutengesetz (ErgThG)<br />
Ausbildungs- und Prüfungsverordnung für Ergotherapeuten (ErgThAPrV)
<p>&nbsp;</p>
<h4>
		Angaben zur Berufshaftpflichtversicherung:
	</h4>
	Versicherer: Rhion Versicherung AG<br />
Adresse: RheinLandplatz, 41460 Neuss
<p>Geltungsraum der Versicherung: Deutschland</p>
<h4>
		Verantwortlich für den Inhalt nach § 55 Abs. 2 RStV:
	</h4>
	<p>Danyela Feltig</p>
<h4>
		EU-Streitschlichtung:
	</h4>
	Die Europäische Kommission stellt eine Plattform zur Online-Streitbeilegung (OS) bereit:<br />
<a href="https://ec.europa.eu/consumers/odr">https://ec.europa.eu/consumers/odr</a><br />
Meine E-Mail-Adresse finden Sie oben im Impressum.
<h4>
		Haftung für Inhalte:
	</h4>
	<p>Als Diensteanbieter bin ich gemäß § 7 Abs.1 TMG für eigene Inhalte auf diesen Seiten nach den allgemeinen Gesetzen verantwortlich. Nach §§ 8 bis 10 TMG bin ich als Diensteanbieter jedoch nicht verpflichtet, übermittelte oder gespeicherte fremde Informationen zu überwachen oder nach Umständen zu forschen, die auf eine rechtswidrige Tätigkeit hinweisen.</p>
<h4>
		Haftung für Links:
	</h4>
	<p>Mein Angebot enthält Links zu externen Websites Dritter, auf deren Inhalte ich keinen Einfluss habe. Deshalb kann ich für diese fremden Inhalte auch keine Gewähr übernehmen. Zum Zeitpunkt der Verlinkung wurden die Seiten auf mögliche Rechtsverstöße überprüft. Eine permanente inhaltliche Kontrolle der verlinkten Seiten ist jedoch ohne konkrete Anhaltspunkte einer Rechtsverletzung nicht zumutbar. Bei Bekanntwerden von Rechtsverletzungen werden solche Links umgehend entfernt.</p>
<h4>
		Urheberrecht:
	</h4>
	<p>Die von mir erstellten Inhalte und Werke auf diesen Seiten unterliegen dem deutschen Urheberrecht. Die Vervielfältigung, Bearbeitung, Verbreitung und jede Art der Verwertung außerhalb der Grenzen des Urheberrechtes bedürfen der schriftlichen Zustimmung des jeweiligen Autors bzw. Erstellers.</p>
<p>&nbsp;</p>

<p>Impressum Angaben gemäß § 5 TMG: Praxis für Ergotherapie Danyela Feltig Freester Straße 22 17509 Lubmin Kontakt: Telefon: 038354/ 33898 [&hellip;]</p>

<!-- This site is optimized with the Yoast SEO plugin v27.4 - https://yoast.com/product/yoast-seo-wordpress/ -->
<title>Impressum -</title>
<meta name="robots" content="index, follow, max-snippet:-1, max-image-preview:large, max-video-preview:-1" />
<link rel="canonical" href="http://ergotherapie-lubmin.de/?page_id=21" />
<meta property="og:locale" content="de_DE" />
<meta property="og:type" content="article" />
<meta property="og:title" content="Impressum -" />
<meta property="og:description" content="Impressum Angaben gemäß § 5 TMG: Praxis für Ergotherapie Danyela Feltig Freester Straße 22 17509 Lubmin Kontakt: Telefon: 038354/ 33898 [&hellip;]" />
<meta property="og:url" content="http://ergotherapie-lubmin.de/?page_id=21" />
<meta property="article:modified_time" content="2025-04-02T19:07:30+00:00" />
<meta name="twitter:card" content="summary_large_image" />
<meta name="twitter:label1" content="Geschätzte Lesezeit" />
	<meta name="twitter:data1" content="2 Minuten" />
<script type="application/ld+json" class="yoast-schema-graph">{"@context":"https:\/\/schema.org","@graph":[{"@type":"WebPage","@id":"http:\/\/ergotherapie-lubmin.de\/?page_id=21","url":"http:\/\/ergotherapie-lubmin.de\/?page_id=21","name":"Impressum -","isPartOf":{"@id":"https:\/\/ergotherapie-lubmin.de\/#website"},"datePublished":"2025-01-25T14:15:29+00:00","dateModified":"2025-04-02T19:07:30+00:00","breadcrumb":{"@id":"http:\/\/ergotherapie-lubmin.de\/?page_id=21#breadcrumb"},"inLanguage":"de","potentialAction":[{"@type":"ReadAction","target":["http:\/\/ergotherapie-lubmin.de\/?page_id=21"]}]},{"@type":"BreadcrumbList","@id":"http:\/\/ergotherapie-lubmin.de\/?page_id=21#breadcrumb","itemListElement":[{"@type":"ListItem","position":1,"name":"Startseite","item":"https:\/\/ergotherapie-lubmin.de\/"},{"@type":"ListItem","position":2,"name":"Impressum"}]},{"@type":"WebSite","@id":"https:\/\/ergotherapie-lubmin.de\/#website","url":"https:\/\/ergotherapie-lubmin.de\/","name":"","description":"","potentialAction":[{"@type":"SearchAction","target":{"@type":"EntryPoint","urlTemplate":"https:\/\/ergotherapie-lubmin.de\/?s={search_term_string}"},"query-input":{"@type":"PropertyValueSpecification","valueRequired":true,"valueName":"search_term_string"}}],"inLanguage":"de"}]}</script>
<!-- / Yoast SEO plugin. -->

Impressum Angaben gemäß § 5 TMG: Praxis für Ergotherapie Danyela Feltig Freester Straße 22 17509 Lubmin Kontakt: Telefon: 038354/ 33898 [&hellip;]
