{"id":96,"date":"2025-02-01T13:22:42","date_gmt":"2025-02-01T13:22:42","guid":{"rendered":"https:\/\/ergotherapie-lubmin.de\/?page_id=96"},"modified":"2025-05-06T17:35:56","modified_gmt":"2025-05-06T17:35:56","slug":"job-karriere","status":"publish","type":"page","link":"http:\/\/ergotherapie-lubmin.de\/?page_id=96","title":{"rendered":"Job\/Karriere"},"content":{"rendered":"\n<h2>\n\t\tStellenangebot\n\t<\/h2>\n<h4>\n\t\t<u>Ergotherapeut\/in (m\/w\/d) gesucht<\/u>\n\t<\/h4>\n\tWir suchen zur Verst\u00e4rkung unseres kleinen Teams <strong>Dich als Ergotherapeut\/in (m\/w\/d) &#8211; auf Wunsch in Voll- oder Teilzeit.<\/strong>\nUnsere moderne, gut ausgestattete und freundliche Praxis bietet ein famili\u00e4res Arbeitsumfeld. Unser Behandlungsspektrum umfasst orthop\u00e4dische, psychiatrische, geriatrische, neurologische und p\u00e4diatrische Patienten &#8211; sowohl in der Praxis als auch in Pflegeeinrichtungen und im h\u00e4uslichen Umfeld.\n<p>&nbsp;<\/p>\n<h4>\n\t\t<u>Das bieten wir:<\/u>\n\t<\/h4>\n\t<ul>\n<li>Unbefristeter Arbeitsvertrag<\/li>\n<li>Flexible Arbeitszeiten<\/li>\n<li>Gro\u00dfe Freiheit in der zeitlichen Planung der Therapien, der Pausen und des Urlaubes<\/li>\n<li>Interne und externe Weiterbildungen (mit anteiliger Kosten\u00fcbernahme)<\/li>\n<li>30 Urlaubstage + 1 Urlaubstag am Geburtstag\u00a0<\/li>\n<li>\u00dcberdurchschnittliches Gehalt<\/li>\n<li>Weihnachtsgeld<\/li>\n<li>Erholungspauschale<\/li>\n<li>Regelm\u00e4\u00dfige Tankgutscheine<\/li>\n<li>Kostenfreier Parkplatz direkt am strandnahen Praxisgeb\u00e4ude<\/li>\n<li>Regelm\u00e4\u00dfige Teamgespr\u00e4che<\/li>\n<li>Sorgf\u00e4ltige Einarbeitung<\/li>\n<\/ul>\n<h4>\n\t\t<u>Das bringst du mit:<\/u>\n\t<\/h4>\n\t<ul>\n<li data-start=\"1202\" data-end=\"1633\">Abgeschlossene Ausbildung als <strong data-start=\"1234\" data-end=\"1262\">Ergotherapeut\/in (m\/w\/d)<\/strong> &#8211; gerne auch Berufseinsteiger<\/li>\n<li data-start=\"1202\" data-end=\"1633\">Teamf\u00e4higkeit und Engagement<\/li>\n<li data-start=\"1202\" data-end=\"1633\">Bereitschaft zur Weiterbildung<\/li>\n<li data-start=\"1202\" data-end=\"1633\">Empathie und Freude an der Arbeit mit Patienten und Angeh\u00f6rigen<\/li>\n<li data-start=\"1202\" data-end=\"1633\">Selbstst\u00e4ndige Durchf\u00fchrung von Behandlungen in der Praxis, in Einrichtungen oder bei Hausbesuchen<\/li>\n<li data-start=\"1202\" data-end=\"1633\">Eigenst\u00e4ndige Terminplanung und -organisation<\/li>\n<li data-start=\"1202\" data-end=\"1633\">F\u00fchrerschein und eigener PKW erforderlich<\/li>\n<\/ul>\n<hr \/>\n\ud83d\udcde <strong data-start=\"1638\" data-end=\"1708\">Bei Fragen erreichst du uns unter<\/strong>\u00a0<strong><a href=\"https:\/\/ergotherapie-lubmin.de\/?page_id=34\">Kontakt<\/a><\/strong>\n\n","protected":false},"excerpt":{"rendered":"<p>Stellenangebot Ergotherapeut\/in (m\/w\/d) gesucht Wir suchen zur Verst\u00e4rkung unseres kleinen Teams Dich als Ergotherapeut\/in (m\/w\/d) &#8211; auf Wunsch in Voll- [&hellip;]<\/p>\n","protected":false},"author":1,"featured_media":0,"parent":0,"menu_order":0,"comment_status":"closed","ping_status":"closed","template":"","meta":{"site-sidebar-layout":"no-sidebar","site-content-layout":"page-builder","ast-site-content-layout":"default","site-content-style":"default","site-sidebar-style":"default","ast-global-header-display":"","ast-banner-title-visibility":"","ast-main-header-display":"","ast-hfb-above-header-display":"","ast-hfb-below-header-display":"","ast-hfb-mobile-header-display":"","site-post-title":"disabled","ast-breadcrumbs-content":"","ast-featured-img":"disabled","footer-sml-layout":"","theme-transparent-header-meta":"","adv-header-id-meta":"","stick-header-meta":"","header-above-stick-meta":"","header-main-stick-meta":"","header-below-stick-meta":"","astra-migrate-meta-layouts":"default","ast-page-background-enabled":"default","ast-page-background-meta":{"desktop":{"background-color":"var(--ast-global-color-5)","background-image":"","background-repeat":"repeat","background-position":"center center","background-size":"auto","background-attachment":"scroll","background-type":"","background-media":"","overlay-type":"","overlay-color":"","overlay-opacity":"","overlay-gradient":""},"tablet":{"background-color":"","background-image":"","background-repeat":"repeat","background-position":"center center","background-size":"auto","background-attachment":"scroll","background-type":"","background-media":"","overlay-type":"","overlay-color":"","overlay-opacity":"","overlay-gradient":""},"mobile":{"background-color":"","background-image":"","background-repeat":"repeat","background-position":"center center","background-size":"auto","background-attachment":"scroll","background-type":"","background-media":"","overlay-type":"","overlay-color":"","overlay-opacity":"","overlay-gradient":""}},"ast-content-background-meta":{"desktop":{"background-color":"var(--ast-global-color-4)","background-image":"","background-repeat":"repeat","background-position":"center center","background-size":"auto","background-attachment":"scroll","background-type":"","background-media":"","overlay-type":"","overlay-color":"","overlay-opacity":"","overlay-gradient":""},"tablet":{"background-color":"var(--ast-global-color-4)","background-image":"","background-repeat":"repeat","background-position":"center center","background-size":"auto","background-attachment":"scroll","background-type":"","background-media":"","overlay-type":"","overlay-color":"","overlay-opacity":"","overlay-gradient":""},"mobile":{"background-color":"var(--ast-global-color-4)","background-image":"","background-repeat":"repeat","background-position":"center center","background-size":"auto","background-attachment":"scroll","background-type":"","background-media":"","overlay-type":"","overlay-color":"","overlay-opacity":"","overlay-gradient":""}},"footnotes":""},"class_list":["post-96","page","type-page","status-publish","hentry"],"yoast_head":"<!-- This site is optimized with the Yoast SEO plugin v27.6 - https:\/\/yoast.com\/product\/yoast-seo-wordpress\/ -->\n<title>Job\/Karriere -<\/title>\n<meta name=\"robots\" content=\"index, follow, max-snippet:-1, max-image-preview:large, max-video-preview:-1\" \/>\n<link rel=\"canonical\" href=\"http:\/\/ergotherapie-lubmin.de\/?page_id=96\" \/>\n<meta property=\"og:locale\" content=\"de_DE\" \/>\n<meta property=\"og:type\" content=\"article\" \/>\n<meta property=\"og:title\" content=\"Job\/Karriere -\" \/>\n<meta property=\"og:description\" content=\"Stellenangebot Ergotherapeut\/in (m\/w\/d) gesucht Wir suchen zur Verst\u00e4rkung unseres kleinen Teams Dich als Ergotherapeut\/in (m\/w\/d) &#8211; auf Wunsch in Voll- [&hellip;]\" \/>\n<meta property=\"og:url\" content=\"http:\/\/ergotherapie-lubmin.de\/?page_id=96\" \/>\n<meta property=\"article:modified_time\" content=\"2025-05-06T17:35:56+00:00\" \/>\n<meta name=\"twitter:card\" content=\"summary_large_image\" \/>\n<meta name=\"twitter:label1\" content=\"Gesch\u00e4tzte Lesezeit\" \/>\n\t<meta name=\"twitter:data1\" content=\"1\u00a0Minute\" \/>\n<script type=\"application\/ld+json\" class=\"yoast-schema-graph\">{\"@context\":\"https:\\\/\\\/schema.org\",\"@graph\":[{\"@type\":\"WebPage\",\"@id\":\"http:\\\/\\\/ergotherapie-lubmin.de\\\/?page_id=96\",\"url\":\"http:\\\/\\\/ergotherapie-lubmin.de\\\/?page_id=96\",\"name\":\"Job\\\/Karriere -\",\"isPartOf\":{\"@id\":\"https:\\\/\\\/ergotherapie-lubmin.de\\\/#website\"},\"datePublished\":\"2025-02-01T13:22:42+00:00\",\"dateModified\":\"2025-05-06T17:35:56+00:00\",\"breadcrumb\":{\"@id\":\"http:\\\/\\\/ergotherapie-lubmin.de\\\/?page_id=96#breadcrumb\"},\"inLanguage\":\"de\",\"potentialAction\":[{\"@type\":\"ReadAction\",\"target\":[\"http:\\\/\\\/ergotherapie-lubmin.de\\\/?page_id=96\"]}]},{\"@type\":\"BreadcrumbList\",\"@id\":\"http:\\\/\\\/ergotherapie-lubmin.de\\\/?page_id=96#breadcrumb\",\"itemListElement\":[{\"@type\":\"ListItem\",\"position\":1,\"name\":\"Startseite\",\"item\":\"https:\\\/\\\/ergotherapie-lubmin.de\\\/\"},{\"@type\":\"ListItem\",\"position\":2,\"name\":\"Job\\\/Karriere\"}]},{\"@type\":\"WebSite\",\"@id\":\"https:\\\/\\\/ergotherapie-lubmin.de\\\/#website\",\"url\":\"https:\\\/\\\/ergotherapie-lubmin.de\\\/\",\"name\":\"\",\"description\":\"\",\"potentialAction\":[{\"@type\":\"SearchAction\",\"target\":{\"@type\":\"EntryPoint\",\"urlTemplate\":\"https:\\\/\\\/ergotherapie-lubmin.de\\\/?s={search_term_string}\"},\"query-input\":{\"@type\":\"PropertyValueSpecification\",\"valueRequired\":true,\"valueName\":\"search_term_string\"}}],\"inLanguage\":\"de\"}]}<\/script>\n<!-- \/ Yoast SEO plugin. -->","yoast_head_json":{"title":"Job\/Karriere -","robots":{"index":"index","follow":"follow","max-snippet":"max-snippet:-1","max-image-preview":"max-image-preview:large","max-video-preview":"max-video-preview:-1"},"canonical":"http:\/\/ergotherapie-lubmin.de\/?page_id=96","og_locale":"de_DE","og_type":"article","og_title":"Job\/Karriere -","og_description":"Stellenangebot Ergotherapeut\/in (m\/w\/d) gesucht Wir suchen zur Verst\u00e4rkung unseres kleinen Teams Dich als Ergotherapeut\/in (m\/w\/d) &#8211; auf Wunsch in Voll- [&hellip;]","og_url":"http:\/\/ergotherapie-lubmin.de\/?page_id=96","article_modified_time":"2025-05-06T17:35:56+00:00","twitter_card":"summary_large_image","twitter_misc":{"Gesch\u00e4tzte Lesezeit":"1\u00a0Minute"},"schema":{"@context":"https:\/\/schema.org","@graph":[{"@type":"WebPage","@id":"http:\/\/ergotherapie-lubmin.de\/?page_id=96","url":"http:\/\/ergotherapie-lubmin.de\/?page_id=96","name":"Job\/Karriere -","isPartOf":{"@id":"https:\/\/ergotherapie-lubmin.de\/#website"},"datePublished":"2025-02-01T13:22:42+00:00","dateModified":"2025-05-06T17:35:56+00:00","breadcrumb":{"@id":"http:\/\/ergotherapie-lubmin.de\/?page_id=96#breadcrumb"},"inLanguage":"de","potentialAction":[{"@type":"ReadAction","target":["http:\/\/ergotherapie-lubmin.de\/?page_id=96"]}]},{"@type":"BreadcrumbList","@id":"http:\/\/ergotherapie-lubmin.de\/?page_id=96#breadcrumb","itemListElement":[{"@type":"ListItem","position":1,"name":"Startseite","item":"https:\/\/ergotherapie-lubmin.de\/"},{"@type":"ListItem","position":2,"name":"Job\/Karriere"}]},{"@type":"WebSite","@id":"https:\/\/ergotherapie-lubmin.de\/#website","url":"https:\/\/ergotherapie-lubmin.de\/","name":"","description":"","potentialAction":[{"@type":"SearchAction","target":{"@type":"EntryPoint","urlTemplate":"https:\/\/ergotherapie-lubmin.de\/?s={search_term_string}"},"query-input":{"@type":"PropertyValueSpecification","valueRequired":true,"valueName":"search_term_string"}}],"inLanguage":"de"}]}},"_links":{"self":[{"href":"http:\/\/ergotherapie-lubmin.de\/index.php?rest_route=\/wp\/v2\/pages\/96","targetHints":{"allow":["GET"]}}],"collection":[{"href":"http:\/\/ergotherapie-lubmin.de\/index.php?rest_route=\/wp\/v2\/pages"}],"about":[{"href":"http:\/\/ergotherapie-lubmin.de\/index.php?rest_route=\/wp\/v2\/types\/page"}],"author":[{"embeddable":true,"href":"http:\/\/ergotherapie-lubmin.de\/index.php?rest_route=\/wp\/v2\/users\/1"}],"replies":[{"embeddable":true,"href":"http:\/\/ergotherapie-lubmin.de\/index.php?rest_route=%2Fwp%2Fv2%2Fcomments&post=96"}],"version-history":[{"count":16,"href":"http:\/\/ergotherapie-lubmin.de\/index.php?rest_route=\/wp\/v2\/pages\/96\/revisions"}],"predecessor-version":[{"id":538,"href":"http:\/\/ergotherapie-lubmin.de\/index.php?rest_route=\/wp\/v2\/pages\/96\/revisions\/538"}],"wp:attachment":[{"href":"http:\/\/ergotherapie-lubmin.de\/index.php?rest_route=%2Fwp%2Fv2%2Fmedia&parent=96"}],"curies":[{"name":"wp","href":"https:\/\/api.w.org\/{rel}","templated":true}]}}